64?
16
Calculate the greatest common divisor of 6845 and 6861465.
185
What is the highest common factor of 1391 and 283163944?
107
Calculate the highest common divisor of 627 and 3592919.
209
What is the highest common divisor of 357120 and 2418?
186
Calculate the greatest common factor of 1510 and 193780414.
302
What is the highest common divisor of 46603 and 2272643?
29
Calculate the greatest common factor of 8170448 and 22880.
2288
Calculate the highest common divisor of 2544 and 916529.
53
What is the greatest common divisor of 810 and 3253797?
27
What is the highest common divisor of 782750 and 12245?
155
What is the greatest common factor of 584 and 49226747?
73
Calculate the highest common divisor of 10235 and 112140.
445
What is the highest common divisor of 23607154 and 19787?
421
What is the highest common factor of 16701259 and 8585?
1717
Calculate the highest common factor of 108 and 7553796.
12
What is the highest common factor of 18022376 and 708?
236
What is the greatest common factor of 809422602 and 12?
6
What is the highest common factor of 2880 and 64450560?
960
Calculate the highest common divisor of 1010757 and 6867.
327
Calculate the highest common factor of 1341903 and 54501.
1473
Calculate the highest common divisor of 156960 and 8932768.
3488
What is the highest common divisor of 60 and 53346530?
10
What is the highest common divisor of 74236 and 118724?
268
Calculate the greatest common factor of 2929 and 116270291.
101
Calculate the highest common divisor of 392 and 39924.
4
Calculate the highest common divisor of 3148288 and 1768.
104
What is the greatest common divisor of 4112260 and 142240?
2540
What is the greatest common divisor of 7294 and 1359638?
14
Calculate the highest common factor of 8 and 875566264.
8
Calculate the greatest common divisor of 414 and 15466419.
207
What is the greatest common factor of 280245 and 760410?
1785
Calculate the highest common divisor of 323772 and 2364.
12
Calculate the highest common factor of 2639 and 5497240.
203
What is the greatest common divisor of 56916 and 36707472?
3348
Calculate the highest common factor of 66 and 36976478.
22
Calculate the greatest common factor of 2463292 and 8268.
52
Calculate the greatest common divisor of 1913536 and 496.
16
Calculate the greatest common factor of 54445 and 5.
5
What is the highest common factor of 125 and 6357925?
25
What is the greatest common divisor of 91111 and 386819?
179
Calculate the greatest common divisor of 1165440 and 1408.
128
Calculate the highest common factor of 8148188 and 836.
76
Calculate the highest common divisor of 39659328 and 3456.
1728
What is the highest common factor of 437276 and 5880?
196
What is the highest common divisor of 36662 and 22724?
46
Calculate the highest common divisor of 18713684 and 88.
44
Calculate the highest common factor of 64 and 242149720.
8
Calculate the greatest common factor of 4730 and 946990.
110
Calculate the highest common factor of 10341 and 41472.
27
What is the greatest common factor of 14415 and 2120710?
155
Calculate the greatest common divisor of 10382963 and 1312.
41
Calculate the greatest common factor of 635044848 and 2832.
2832
What is the greatest common divisor of 62803160 and 854?
854
Calculate the greatest common divisor of 28 and 14306222.
14
Calculate the highest common factor of 133064712 and 3264.
408
Calculate the greatest common factor of 1426882 and 328.
82
What is the highest common factor of 50 and 6289025?
25
Calculate the greatest common factor of 2417422 and 42.
14
What is the highest common factor of 27710 and 74002?
326
Calculate the greatest common divisor of 2625 and 2349125.
125
What is the greatest common divisor of 4 and 2525851?
1
Calculate the highest common divisor of 92 and 79769428.
92
What is the highest common divisor of 1081 and 14175670?
47
Calculate the highest common factor of 12781899 and 468.
117
What is the highest common divisor of 7942 and 60313?
11
Calculate the greatest common divisor of 44512535 and 8607.
2869
Calculate the highest common factor of 718174 and 3504.
146
Calculate the greatest common factor of 9229 and 556688.
11
What is the highest common factor of 2445 and 332734345?
815
Calculate the highest common divisor of 3780 and 30937788.
756
Calculate the highest common divisor of 3408 and 308148.
12
Calculate the greatest common divisor of 2630271 and 26187.
609
What is the greatest common divisor of 11130 and 397157355?
5565
Calculate the greatest common divisor of 17329 and 41093.
13
What is the greatest common factor of 15002 and 1046678?
1154
What is the highest common divisor of 3572572 and 9398?
74
What is the highest common factor of 50117 and 1633?
23
Calculate the highest common divisor of 945 and 90313380.
135
What is the greatest common factor of 1537056 and 540?
108
Calculate the greatest common divisor of 7149241 and 88.
11
Calculate the greatest common factor of 73598138 and 158.
158
Calculate the greatest common divisor of 860 and 862236.
172
What is the highest common divisor of 193584 and 15792?
48
Calculate the greatest common factor of 19625886 and 1429.
1429
What is the highest common divisor of 3352303 and 8056?
1007
What is the greatest common factor of 11289 and 1255664181?
11289
Calculate the greatest common divisor of 147113 and 172265.
131
What is the greatest common divisor of 120 and 10108860?
60
What is the highest common divisor of 27969 and 675?
3
What is the greatest common divisor of 288 and 750260096?
32
What is the greatest common factor of 2748 and 1863965652?
2748
Calculate the highest common divisor of 10250 and 36027520.
410
What is the greatest common factor of 1055310 and 153120?
870
Calculate the greatest common factor of 709470804 and 7.
7
What is the highest common factor of 78 and 12488196?
6
What is the highest common factor of 4160 and 37768000?
320
Calculate the highest common factor of 1148770 and 3500.
70
What is the highest common divisor of 10328115 and 12635?
665
Calculate the greatest common factor of 18684 and 1362548.
692
Calculate the highest common factor of 193980 and 18444.
636
What is the highest common divisor of 628024 and 35032?
232
What is the highest common factor of 1350 and 1801760?
10
What is the greatest common factor of 4212 and 322875072?
4212
Calculate the greatest common divisor of 3153534 and 1118.
86
Calculate the highest common factor of 10750807 and 4203.
467
Calculate the greatest common factor of 363 and 20066178.
33
Calculate the greatest common divisor of 1283 and 4501200220.
1283
Calculate the highest common divisor of 177750516 and 8.
4
Calculate the highest common divisor of 16900 and 7124.
52
Calculate the greatest common divisor of 402960 and 803160.
2760
Calculate the greatest common divisor of 244 and 6496378.
122
Calculate the greatest common factor of 2442 and 99621390.
2442
What is the highest common factor of 2894218 and 186108?
2386
What is the highest common factor of 324 and 97354872?
324
What is the greatest common factor of 2286207352 and 382?
382
Calculate the greatest common divisor of 565 and 68494724.
113
What is the greatest common divisor of 117119810 and 70?
10
Calculate the highest common divisor of 1883299 and 513.
19
What is the highest common divisor of 3029 and 528567?
13
What is the highest common divisor of 48720 and 189138?
174
Calculate the highest common factor of 68655450 and 50.
50
Calculate the highest common factor of 9360 and 41634.
18
What is the greatest common factor of 302596 and 760732?
2828
What is the greatest common divisor of 357023 and 430669?
1601
What is the highest common divisor of 1605810 and 17130?
30
What is the greatest common divisor of 2078273 and 134?
67
Calculate the highest common divisor of 32 and 258864.
16
What is the greatest common divisor of 237426 and 16779?
21
Calculate the greatest common factor of 400661 and 11175.
149
What is the greatest common factor of 128130706 and 33?
11
What is the greatest common factor of 113664 and 97536?
768
Calculate the greatest common factor of 577555 and 5995.
55
Calculate the highest common factor of 413 and 87073.
7
Calculate the highest common divisor of 321846895 and 670.
335
Calculate the highest common divisor of 38 and 1